ors of s(20).
2, 17, 23
Suppose -4*u + 36326 = -j, 0 = -4*u - 2*j + 14536 + 21796. What are the prime factors of u?
2, 19, 239
Let r(b) = b - 5. Let f be r(7). Let m be 8/3*(-513)/(-6). Suppose 4*x - 444 = -f*i, -x - x = -2*i - m. What are the prime factors of x?
2, 7
Let l = -18684 + 45121. List the prime factors of l.
26437
Let r be (15/(-6) + 0 + 3)*8. Suppose 239 = -r*a + 5*a - 3*s, 0 = -2*a - 3*s + 442. List the prime factors of a.
227
Let z(h) = -4*h + 3. Let k be z(-2). Suppose -7*r + k*r - 20 = 0. Suppose -r*g + g + 1172 = 0. What are the prime factors of g?
293
Suppose 16 = 4*x + 16. Suppose x = -4*c + 1627 - 399. List the prime factors of c.
307
Suppose 4*y - 42471 = x, 403*y - 398*y - 5*x = 53070. List the prime factors of y.
7, 37, 41
Let d be (-6)/(-7)*28/6. Suppose -224 = -4*b - d*c + 2*c, c - 168 = -3*b. Let p = b + -27. What are the prime factors of p?
29
Let s(t) = 5 + 2*t**2 + 4 - 44*t - 2 - 3*t**2. List the prime factors of s(-20).
487
Let b(j) = 7*j**2 - 13*j - 20. Let o(a) = 5*a**2 - 13*a - 19. Let h(n) = 3*b(n) - 4*o(n). What are the prime factors of h(9)?
2, 107
Suppose -2*r = 282 - 12226. What are the prime factors of r?
2, 1493
Let h = -43 - -45. Suppose -r = 3*y + 66, h*r + 133 = -2*y - 3*y. Let v = 99 + r. What are the prime factors of v?
2, 3, 5
List the prime factors of ((39 - 2) + -47)*(-10266)/10.
2, 3, 29, 59
Let r(y) = 3*y**3 + 2*y**2 - 3*y - 7. Let b be r(-2). Let k(u) = -u**3 - 18*u**2 - 31*u - 53. What are the prime factors of k(b)?
5, 37
Suppose -36 - 6 = -7*n. Suppose 3*w - n = -3*q, w = 5*q - 2*q - 18. What are the prime factors of (-376)/(-12)*w*(-3 - -2)?
2, 47
Let x(l) be the first derivative of 351*l**4/4 + l**3 - l**2/2 - l + 28. List the prime factors of x(1).
2, 11
Let n(d) = 4143*d - 7454. What are the prime factors of n(9)?
29833
Let k(b) = 310*b**2 + 41*b + 170. What are the prime factors of k(-4)?
2, 13, 191
Let r be 0/(-6 - (-16)/2). Suppose -i + 664 + 367 = -4*l, r = 4*i + 3*l - 4067. List the prime factors of i.
1019
Let v be -6*(-4)/(-4)*10. Let f = -150 - -8. Let s = v - f. List the prime factors of s.
2, 41
List the prime factors of (444/18 - 16)/((-2)/(-1065)).
5, 13, 71
Suppose 247064 - 901257 = -47*i. List the prime factors of i.
31, 449
Suppose -5*j + 20 = 0, p + j - 21958 = 30993. Suppose -29*t = -2*t - p. What are the prime factors of t?
37, 53
Let j = 3 + -3. Let k = -1393 + 1398. Suppose j = -2*o - 1 + k. What are the prime factors of o?
2
Suppose -4*q = i - 921 - 4872, 0 = -3*q - 3*i + 4347. Suppose -4 = 4*m, 3*m - q = -5*o + 4*o. Suppose -14*f = -o - 999. List the prime factors of f.
5, 7
Let x be (-12)/30 + (14970/25)/2. Let n = x - -191. List the prime factors of n.
2, 5, 7
Let v(g) be the first derivative of -g**3/3 - 5*g**2/2 + 6*g - 4. Let m be v(-6). Suppose 0 = 3*q - m*q - 177. What are the prime factors of q?
59
Suppose 30*g - 513091 - 872244 = -75715. What are the prime factors of g?
2, 13, 23, 73
Suppose 13*z + 12407 = 72015 + 62709. List the prime factors of z.
97
Let p = -729 - -8004. What are the prime factors of p?
3, 5, 97
What are the prime factors of (13314 + -1)/((-836)/(-4180))?
5, 13313
Suppose -4*x = 5*p - 25119, -6 + 4 = -2*x. List the prime factors of p.
5023
Let q = 5496 - 769. List the prime factors of q.
29, 163
Suppose -821 = -s - 5*p, 5*s - 4*p = -0*s + 3960. List the prime factors of (s/(-6))/(3/(-9)).
2, 199
Let t be (33789/15)/7 - (-1)/5. Let k = t + -216. Let s = k - 30. List the prime factors of s.
2, 19
Let c(z) = 277*z**2 + 54*z + 18. List the prime factors of c(7).
61, 229
Suppose -3*a + 64380 = l, -4*a = -5*l + 6*l - 85837. What are the prime factors of a?
43, 499
Let o(c) = 3*c**3 + 3*c**2 - 148*c - 5. List the prime factors of o(15).
5, 7
Let p(g) = g**2 - 26*g + 63. Let y be p(25). What are the prime factors of (-38)/y - 624/(-1)?
7, 89
Let y(q) = -q**3 - 2*q**2 + 3*q + 3. Let s be y(3). Suppose 3*f - 358 - 15 = -5*m, -143 = -f + 3*m. Let h = f + s. What are the prime factors of h?
2, 7
Let n = 1793 - 1159. Let v = n + -486. What are the prime factors of v?
2, 37
Suppose 39 = -0*w - 4*w - 3*y, -5*w - 25 = -y. Let b be 8/w*(-5 + 4998/(-12)). Suppose -6*k + 386 + b = 0. What are the prime factors of k?
2, 79
Let j(x) be the first derivative of -7*x**2/2 + 24*x + 23. Let y be j(2). Suppose -y*n + 1617 - 497 = 0. What are the prime factors of n?
2, 7
Suppose 92 = -4*k + 96. What are the prime factors of (k - -55)*(-1 - -5)?
2, 7
Suppose -2*f - 337020 = -36*f + 190048. What are the prime factors of f?
2, 23, 337
Let n = 28448 + -22457. What are the prime factors of n?
3, 1997
Let k(t) = 840*t + 647. What are the prime factors of k(4)?
4007
Let k = 270 + -272. List the prime factors of (90/(-135))/(0 - k/(-1449)).
3, 7, 23
Let o(v) = -v**3 + 70*v**2 - 69*v + 749. List the prime factors of o(69).
7, 107
Let i = -4843 + 13736. List the prime factors of i.
8893
What are the prime factors of (-4)/14 + (-4857116)/(-826)?
2, 3, 5, 7
Let u(t) = 13*t + 3949. What are the prime factors of u(-9)?
2, 479
Let m(b) = b**3 - 77*b**2 + 359*b - 159. What are the prime factors of m(75)?
2, 3, 431
Let i(x) = 10*x**2 + 9*x - 45. Let a(z) = 13*z**2 + 10*z - 46. Let m(f) = 6*a(f) - 7*i(f). What are the prime factors of m(-12)?
3, 409
Suppose 0 = -3*z + 4*f + 3455, 2*z + f = 2647 - 329. List the prime factors of z.
13, 89
What are the prime factors of ((-40)/200)/(1/(-34670))?
2, 3467
Let b(n) = 4240*n**2 + 6*n + 1. What are the prime factors of b(1)?
31, 137
Let w = 34 + 1430. Suppose -z - 2*i = -314, 5*z - 88 = -i + w. Let o = 487 - z. What are the prime factors of o?
3, 59
Suppose -37*w - 102207 = 23*w - 91*w. What are the prime factors of w?
3, 7, 157
Suppose -20 = 4*t, -2*t + 5*t + 22035 = 3*x. List the prime factors of x.
2, 5, 367
Suppose 7*w - 64 = 20. Suppose 11*m + 3 = w*m. Suppose m*n = 2*n + 32. List the prime factors of n.
2
What are the prime factors of ((-15)/30 - (-5 - -2))*2 + 21624?
43, 503
Let s(z) = -z**3 + 30*z**2 - 74*z + 50. Let m(o) = o**3 - o + 1. Let a(n) = -2*m(n) - s(n). What are the prime factors of a(-33)?
7, 101
Let n be 8 + (-310)/40 + 42/(-8). Suppose 0 = -0*x - 3*x - 30. List the prime factors of (-2 + n/x)*-10.
3, 5
Let n(c) = 2*c - 2*c**3 - 42 - 3*c - 4*c - 19*c**2 + 3*c**2 - c. What are the prime factors of n(-12)?
2, 3, 197
Let j(k) = 167*k + 12. Let y be j(4). List the prime factors of y/14 + (-30)/(-70).
7
Let l be (0 - -1)/(7/63). Let w = 8 - -6. Suppose -w*h = -l*h - 310. What are the prime factors of h?
2, 31
Let u(w) = -77*w + 8. Let o(g) = -384*g + 39. Suppose -5*j = 3*y - 82, 2*y + 3*j - 78 = -y. Let r(i) = y*u(i) - 5*o(i). What are the prime factors of r(1)?
3, 23
Suppose -88*b - 138*b = -1889586. List the prime factors of b.
3, 929
Let z(x) be the first derivative of -x**5/20 - x**4/12 + 58*x**2 + 17*x + 2. Let b(k) be the first derivative of z(k). What are the prime factors of b(0)?
2, 29
Let w be (2/4)/((-6)/144). Let g(n) = -n + 1. Let q be g(w). Suppose q*s - 4478 = -1228. What are the prime factors of s?
2, 5
Let d be 50/(-375) + 21647/15. Let n = d - 982. What are the prime factors of n?
461
Suppose 148*y - 23*y - 2886500 = 0. List the prime factors of y.
2, 23, 251
Let r(v) = -v**3 + 7*v**2 + 9*v - 2. Suppose -5*a = -0*y - y - 11, 2*a = y + 2. List the prime factors of r(y).
2, 41
What are the prime factors of ((-156)/273)/((-1)/(-21))*-8144?
2, 3, 509
Suppose 8*i + 5*o = 11*i - 18777, 0 = -3*i - o + 18759. What are the prime factors of i?
2, 53, 59
Let o(p) = 32591*p**2 - 29*p + 13. What are the prime factors of o(1)?
5, 1303
Let s(i) = 5390*i - 854. List the prime factors of s(1).
2, 3, 7
Suppose -18*c + 2061 = -9*c. Suppose -i + c = 2*i + 5*f, -2*i = 4*f - 154. What are the prime factors of i?
73
Let g = -10279 - -18587. List the prime factors of g.
2, 31, 67
Suppose -l - 28*x = -24*x - 1488, 3*l + x - 4409 = 0. List the prime factors of 21/28*l - -8.
1109
Let r(n) = 54*n**2 - 5*n**2 + 9 - 17 - 11 + 11*n + 17*n**2. List the prime factors of r(2).
3, 89
Let z = 36 + -60. Let u be (2 + (-957)/(-12))*z/(-9). Suppose 0 = 4*s - 4*t - 188, -5*s - 10 + u = 4*t. List the prime factors of s.
2, 11
Suppose -4*p = -10*j + 315388, 0 = -7*j + 10*j - 2*p - 94618. What are the prime factors of j?
2, 13, 1213
Suppose -5*